-1)*((-52704)/28)/(-12). Calculate the greatest common factor of 18 and f.
18
Let a = -16 - -34. Let m be 2/12*911 - (-3)/a. Suppose -5*r + 76 = -r + l, 2*r = -3*l + 38. What is the greatest common divisor of m and r?
19
Suppose -35*b - 4*l + 1108 = -30*b, -3*b + 4*l = -652. Suppose -2*w + 20 = -20. What is the greatest common factor of b and w?
20
Let j = -2750 - -2770. Calculate the highest common divisor of j and 1090.
10
Let r = -4 + 25. Let u be r/(-126) - 67/(-6). What is the highest common divisor of u and 22?
11
Let t = 140 + -95. Calculate the highest common factor of 18 and t.
9
Let g(y) = -27*y**3 + y**2 - 11*y - 7. Let m be g(-4). What is the greatest common factor of m and 13?
13
Let i(w) = 4*w**2 + w + 12. Suppose -39 = 16*x + 9. Let f be i(x). What is the highest common divisor of f and 18?
9
Let t = 55 + -51. Let u be 18*3 + -1 + t. Suppose -152 = z - 5*z. Calculate the highest common factor of z and u.
19
Suppose -2*b - 3*b = -280. Suppose -4*i + f + 12 = -46, 4*f = -2*i + 20. What is the highest common divisor of i and b?
14
Suppose 2*v = 3*v - 3*n - 9, 0 = 5*v - 5*n - 45. Let i = v + 24. Let f = i + -23. What is the greatest common divisor of 110 and f?
10
Let p = 90 - 55. Let r be ((-28)/(-3))/(2/3). What is the highest common factor of r and p?
7
Let s be 1*27 - (-6 - -7). Let d(a) = -3*a - 59. Let z be d(-24). Calculate the highest common factor of z and s.
13
Let c be 1/((-2)/(-34) + 0). Let y(n) = -2*n**2 - 31*n + 3. Let l be y(-13). What is the greatest common divisor of c and l?
17
Let n(h) = 12*h + 75. Let r be n(-5). Calculate the highest common divisor of r and 120.
15
Suppose -3*p + 18 = -3*j, -2*p - 3*j + 36 = p. Let y = 80 + -17. Calculate the greatest common factor of p and y.
9
Let f = 2234 + -1794. What is the greatest common divisor of f and 385?
55
Let h be (5 - 7)*(0 - 1). Suppose 128 = -0*l + 5*l + 4*g, 0 = -g + h. What is the highest common divisor of 6 and l?
6
Let c be (-406)/(-21) + 40/(-30). Calculate the greatest common factor of c and 486.
18
Suppose -c - 2*c + 27 = 0. Let o(j) = 0*j**2 - 1 - 3 + 2*j**2 - 7*j. Let v be o(7). Calculate the greatest common factor of c and v.
9
Let u be (128/3)/(-4)*75/(-20). Calculate the greatest common divisor of 24 and u.
8
Suppose 57 = 2*v - 9. Let w = v - 23. Suppose 0*t = t - w. What is the greatest common divisor of t and 30?
10
Let k(b) = -25*b - 250. Let f be k(-15). Calculate the greatest common factor of f and 5.
5
Let r(b) = 2*b**3 - 16*b**2 + 13*b + 19. Let t be r(7). What is the greatest common divisor of t and 294?
6
Let x be (112 + -3 - -2 - -2) + -1. Let z be 4/10 - 624/(-40). Calculate the highest common factor of x and z.
16
Let g(t) = t**2 - 16*t - 54. Let x be g(25). Calculate the highest common factor of x and 9.
9
Let i(p) = p**3 + 9*p**2 - 14*p - 26. Let q be i(-10). Let l(t) = 4*t**2 - 5*t + 1. Let j be l(-5). Calculate the greatest common factor of j and q.
14
Let f(k) = k + 3. Let m be f(5). Calculate the highest common factor of 216 and m.
8
Let y(d) = 13*d - 130. Let l be y(16). What is the highest common divisor of 494 and l?
26
Let q be (-93)/248 + 5414/16. Calculate the greatest common divisor of 26 and q.
26
Let p(v) = 3*v - 62. Let j be p(34). Calculate the highest common divisor of 4 and j.
4
Suppose -f - 1 = -2. Suppose 0*v + f = -v, 61 = 5*x + 4*v. Let u be x - (4 - (-2 - -3)). What is the highest common divisor of u and 5?
5
Let q = -39 + 71. Suppose 11*n + q = 626. Calculate the highest common factor of n and 81.
27
Let m(l) be the second derivative of -l**3/3 - 3*l**2 + 5*l. Let x be m(-4). Let d be (x/4)/((-7)/(-252)). Calculate the highest common divisor of 9 and d.
9
Suppose -5*s + 6*s - 45 = 2*i, -5*i + 25 = 0. Let o = -12 + 23. Let y = o + -6. What is the highest common factor of s and y?
5
Let b(f) = 2*f**3 + 17*f**2 - 9*f + 13. Let l be (15/(-1))/(-5) - 12. Let q be b(l). Calculate the highest common divisor of q and 26.
13
Suppose 3*l = -2*o + 5, 0 = -3*l - 4*o + 3*o + 7. Suppose 15 = 3*x + l, 3*p - 4*x = 11. Calculate the highest common divisor of p and 117.
9
Suppose 7*c = 2*c. Let d(k) = k**3 + k**2 + 21. Let g be d(c). Suppose 8*r = 3*r + 15. Calculate the greatest common factor of g and r.
3
Let j = 476 + -385. Calculate the highest common factor of j and 7.
7
Suppose 3*k = 67 + 116. Let h = k + 17. What is the highest common factor of h and 195?
39
Suppose 25 = 5*b + 7*s - 2*s, b - 9 = -2*s. Let f be b/((5/100)/(3/4)). Calculate the highest common divisor of f and 195.
15
Let s = -2 + 6. Suppose -2*d = -0*d - s. Suppose c = -3*p + 32, p - 6 = -c + d. What is the greatest common factor of 108 and p?
12
Let r = 17 + -12. Let t be ((-26)/5)/((-2)/r). What is the highest common divisor of 104 and t?
13
Let c(a) = 5 - 2*a + 0 - a**2 + 0 + 0*a**2. Let g be c(-3). Suppose 6*q = 2*q + g*z + 32, -z = 3*q - 29. Calculate the highest common divisor of q and 18.
9
Let p(f) = -2*f**3 + 16*f**2 + 7*f - 24. Let m be p(8). What is the highest common divisor of m and 112?
16
Let z be (-4 - (-9)/3)*(-3)/1. Suppose 2*y = -z*h + 37, -5*y + 30 = -2*y - 4*h. What is the highest common divisor of 14 and y?
14
Suppose 12*b - 9 = 3*b. What is the highest common divisor of 29 and b?
1
Let m be 12/(-14)*504/(-9). What is the greatest common divisor of 456 and m?
24
Suppose -2 = -3*y - 5*z, 3*z + 26 = -0*y + 5*y. Suppose y*b - 2*q - 653 = q, 3*q = -4*b + 635. Calculate the greatest common factor of b and 23.
23
Suppose -3*a = -2*a. Let j(c) = c**3 + 4. Let w be j(a). Let o be 18/(((-8)/w)/(-10)). Calculate the greatest common factor of 10 and o.
10
Let r(d) = d**3 + 7*d**2 + d + 1. Let x be r(-5). Let f be 9/((-36)/(-28)) - 29. Let v = x + f. Calculate the greatest common factor of 8 and v.
8
Suppose 5*k = -0*k. Suppose -6*w + 5*w + 18 = k. What is the greatest common divisor of 18 and w?
18
Suppose -9*j - 26 = -11*j + 4*o, 0 = j + o - 7. What is the highest common factor of 18 and j?
9
Let q be 3 - (3 + -3 - 2). Suppose 0 = u - 5*u + 12, -y + 35 = -q*u. Calculate the greatest common factor of y and 5.
5
Suppose 2*g + 4*b = 1 + 51, -2*g + 62 = 2*b. Calculate the highest common divisor of 414 and g.
18
Let c(p) = p**3 + 6*p**2 + p - 5. Let l be c(-5). Suppose l + 27 = 7*a. Let j = 28 - 4. What is the highest common factor of a and j?
6
Let y = 12 - -21. Let w = y + -3. What is the greatest common divisor of 150 and w?
30
Suppose 2*a + 3*u = 61, -4*u = -5*a - 5*u + 159. What is the highest common divisor of 864 and a?
32
Let x be (-280)/(-175)*(-10)/(-4)*3. What is the highest common factor of x and 192?
12
Let t(v) = -45*v + 5. Let d be t(-4). Let s = -33 + 38. Suppose 0 = -s*o + q + 183, 7 = o + q - 32. Calculate the greatest common divisor of d and o.
37
Let h(x) = -1 + 0*x**2 + 7*x - 2 + 3*x**2 - 4*x**2. Let t be h(6). Suppose 0 = t*l + 6, 10 = 5*c + 3*l - 9. What is the greatest common factor of c and 20?
5
Let b(f) = -f**2 + f + 125. Let y be b(0). Suppose 4*a - 4*t - 36 = 0, a + 0*t = 4*t + 21. What is the highest common factor of a and y?
5
Suppose 2*o = -3*v + 5*v + 12, -10 = -5*v - 5*o. Let l be 9/v*12/(0 + -6). What is the greatest common factor of 36 and l?
9
Let k = -2 - -82. What is the greatest common divisor of 145 and k?
5
Let w be (17/4 + -2)*24. Let o = 44 - 65. Let d = w + o. Calculate the greatest common factor of 22 and d.
11
Let n be (-2)/((-8)/458) - (-215)/430. What is the highest common divisor of n and 15?
5
Suppose -6*c = -8*c + 4*y + 22, 3*y - 3 = 0. Let z = 51 + 64. Let a be z + (1 - (-2)/2). Calculate the greatest common divisor of c and a.
13
Suppose -o - 46 = -3*o. Calculate the greatest common divisor of 184 and o.
23
Let c(l) = 21*l**2 + 47*l + 152. Let u be c(-3). Calculate the greatest common divisor of u and 8.
8
Suppose -5*f = x - 0*x - 5, -3*f - 3*x + 3 = 0. Suppose f = -5*s + 11. Let k be ((-8)/1)/(14/(-28)). What is the highest common factor of k and s?
2
Suppose r - 2*m + 185 = 6*r, 2*r - 4*m - 98 = 0. What is the highest common factor of r and 143?
13
Let y = 38 - 41. Let n be (((-4)/y)/(-1))/(138/(-621)). What is the greatest common divisor of n and 15?
3
Let p = 530 - -108. Calculate the highest common factor of p and 116.
58
Suppose 5*p = 3*a + 2, -a - 2*p = a - 20. Suppose -a*j + 604 = -236.